 -t*o + c. What is the tens digit of o?
2
Let j = 10 + -10. Suppose j*l + 5*l = -r + 5, -3*l = 3*r - 39. What is the units digit of r?
5
Suppose 751 + 361 = k. What is the units digit of k?
2
Let k(u) = u**3 + 16*u**2 - 16*u + 19. Let o be k(-17). Suppose 0 = t + 2*n - 81, -3*t + 2*n + o*n = -253. Let g = t + -49. What is the units digit of g?
4
What is the tens digit of 0 + 3 + 0 + (668 - -918)?
8
Let z(y) = -5*y - 7. Let b be z(-3). What is the units digit of (2/b - 1)/(25/(-3600))?
8
Let f(j) = -7*j - 17. Let s(q) = 22*q + 52. Let o(g) = 7*f(g) + 2*s(g). Let p be 38/(-6) + 2/(-3). What is the units digit of o(p)?
0
Suppose 5*b + 948 = 5*d - 947, -5*b = -2*d + 773. What is the hundreds digit of d?
3
Let b = -26 - -31. Suppose b*l + 4*z = 90, -5*z = 3*l - 4 - 37. What is the tens digit of l?
2
Let y = -342 + 1780. What is the tens digit of y?
3
Let t be (150/(-24) - 0)/((-2)/8). Let a(c) = -c - 6. Let h be a(-9). Suppose -17 = -h*d + t. What is the tens digit of d?
1
Suppose 36 = -2*t + 8*t. What is the tens digit of (-2432)/(-12) + (-4)/t?
0
Suppose 2*t - t = 1. Let r be (t - (-3 + 17))/(-1). What is the units digit of 1/(r/6 + -2)?
6
Let p(y) = 13*y**3 + 13*y**2 + 11*y + 24. Let g = 0 - -6. Let d(n) = 7*n**3 + 7*n**2 + 6*n + 12. Let h(r) = g*p(r) - 11*d(r). What is the units digit of h(0)?
2
Suppose 92332 = 32*d + 19980. What is the hundreds digit of d?
2
Let h(r) = 19*r - 1. Let z be h(2). Let i = 37 - z. Suppose 17*q - 16*q - 48 = i. What is the tens digit of q?
4
What is the tens digit of (3 + 5 + 0)*36?
8
Let q = -20 + 16. Let k be q/10 - (-88)/20. What is the tens digit of ((-31)/3)/(k/(-12))?
3
Suppose -29*g = -15888 - 5311. What is the units digit of g?
1
Suppose -9*i = 6*i - 25095. Suppose 0 = 10*l + 123 - i. What is the units digit of l?
5
Suppose -23*g - 11473 = -30*g. What is the tens digit of g?
3
Let f = 14 + -13. Let u be -4*f/(-4)*0. What is the units digit of (1 - 25)/(-3) + u?
8
Let g(h) = -12*h - 16. Let o(u) = u + 1. Let a(s) = g(s) + 10*o(s). Let v be a(12). What is the tens digit of ((-6)/5)/(2/v)?
1
Suppose 0 = -5*f - 10, 14 = -3*t + 5*t - 3*f. Suppose 4*r + 28 = -t*j, -3*j - 4 - 1 = -r. What is the units digit of j/(-2) + 65/2?
4
Let s(z) = -1. Let o(x) = -5*x**2 + 2*x - 7. Let v(n) = -o(n) + 6*s(n). Let g be v(3). Suppose 4*j - y = g, -j - y = 2*j - 37. What is the units digit of j?
1
What is the tens digit of (460/16 - 3)/((-12)/(-288))?
1
Suppose k = -4*k. Suppose 2*z - 8 + 2 = k. Suppose -d = -z*d + 50. What is the units digit of d?
5
Let r = 5420 + -3483. What is the hundreds digit of r?
9
Let f be (34/(-5) - -4)/((-2)/10). Suppose -f*m + 406 = -7*m. What is the tens digit of m?
5
Let b(x) = 2*x**2 + 37*x + 37. What is the units digit of b(-24)?
1
Suppose p + z = 5, -p - 15 = 3*p - 3*z. Suppose p = -a + 16 + 10. Let c = 31 - a. What is the units digit of c?
5
Let n be 73*(3 + (-2)/1). Suppose 5*j - 86 = -3*c - 9, j - n = -3*c. Suppose c = o - 10. What is the tens digit of o?
3
Suppose -4*a + y = -14552, 15*a = 17*a - 4*y - 7290. What is the hundreds digit of a?
6
Let t = 320 + 1594. What is the thousands digit of t?
1
What is the units digit of ((-1716)/(-88))/((-3)/(-332))?
8
Suppose -7*o = -3*o + g + 42, 0 = 5*o - 3*g + 44. Let r = -17 - o. Let m = 38 + r. What is the tens digit of m?
3
Suppose 4*r + 1 = -k - 1, 0 = k + 3*r - 1. Suppose -k = -2*s, -o + 0*o - 3*s = -255. What is the tens digit of o?
4
Let i(o) = o**3 + 7*o**2 + 5*o - 17. What is the hundreds digit of i(7)?
7
Suppose 4*g + 363 = -3*c, -2*c + 19 = g + 116. Let f = 117 - 240. Let j = g - f. What is the tens digit of j?
3
Let j be 76/(-6) + 32/(-24). Let m = 76 + j. What is the tens digit of m?
6
Suppose -4*d + 4 = 4*u, 5*u + 7 = 2*u - d. Let r be 0*(u + 1)/3. Suppose r = -5*a + 36 + 4. What is the units digit of a?
8
Let b(p) = -103*p**3 + 2*p**2 + p. Let g be b(-1). Suppose 4*y + 4*t = -0*y + 68, -4*y + 5*t = -g. Let w = -3 + y. What is the units digit of w?
8
What is the tens digit of 4/((-32148)/(-8034) + -4)?
7
Suppose 89 = 3*d + 2*h, d - 2*d + 27 = -2*h. Suppose s = 5*k + d, s + 2*k + 2*k = -16. Suppose -7*b = -s*b - 189. What is the units digit of b?
3
Suppose -3*r = 5*j + 2*r - 1725, -3*r = 2*j - 689. What is the units digit of j?
6
Let c(q) = 21*q**2 + 18*q + 80. What is the units digit of c(-7)?
3
Let b(a) = 4*a + 13. Let w be -4*(4 + 69/(-12)). What is the units digit of b(w)?
1
Suppose -6*f + 7593 = 1443. What is the thousands digit of f?
1
Suppose -295 = -5*u + a, 0 = 4*u - 5*a - 100 - 115. Suppose -u + 20 = -4*p. Suppose z - p = -z. What is the units digit of z?
5
Let w = -6 - -8. Let t(r) = r**3 + 16*r**2 - 17*r + 25. Let d be t(-17). Suppose -h - d = -w*h. What is the tens digit of h?
2
Suppose 4250 = a + 1538. What is the thousands digit of a?
2
Suppose -3*c + 2*q - 184 = c, q - 137 = 3*c. Let z = c + 105. What is the units digit of z?
0
Suppose 31 = -5*w + 321. Suppose w - 32 = b. What is the units digit of b?
6
Let q(o) = 126*o**2 - 10*o - 9. What is the thousands digit of q(3)?
1
Let h be (-7)/7 + 23*(-3 - 1). Let n = h - -225. What is the units digit of n?
2
Let t(a) = -4*a - 1. Let b(f) = 11*f + 4. Let g(y) = -6*b(y) - 17*t(y). Let m be g(4). Let v(j) = 36*j. What is the tens digit of v(m)?
3
Suppose -9*t + 4*t = -20. What is the tens digit of 18/(-4)*(-56)/t?
6
Let b(t) = -48*t - 140. What is the hundreds digit of b(-20)?
8
What is the units digit of (126 + -60)*(-2)/(-6)?
2
Suppose 104 + 22 = a. Let p = 211 - a. What is the tens digit of p?
8
Let l = 41 - 36. Suppose -l*o + 1221 = 6*h - 3*h, 3*h - 2*o = 1200. What is the tens digit of h/12*(-2 + 4)?
6
Let y(s) = -s**2 + 5*s - 6. Let d be y(3). Let n(u) = -5*u + 16. Let g(z) = 11*z - 31. Let k(x) = 4*g(x) + 9*n(x). What is the units digit of k(d)?
0
Suppose i + 2*i - 27 = 0. Let g be ((-45)/(-27))/(1/i). Let o = g + -13. What is the units digit of o?
2
Suppose -3*h = 4*a + 9 + 4, 3*h = -5*a - 17. What is the units digit of ((-46 - 1) + h)/(48/(-192))?
4
Suppose 5 = 3*o - 4. Suppose 0 = -t + 4, 0*z + z + o = t. What is the units digit of 2 + (z - 1 - -74)?
6
Let h = -15 + 35. Suppose h + 8 = -g. Let x = 41 + g. What is the units digit of x?
3
Let z(s) = 2*s - 15. Suppose -13 = -2*m + j, 6 = -0*m + m - j. Let i be z(m). What is the units digit of (-106)/(-8) + i/4?
3
Let v(b) = 6*b - 204. Let t be v(0). Let h = t - -424. What is the tens digit of h?
2
Suppose 0 = -5*s + 5 + 10, -3 = -2*z + s. Suppose 0 = -3*v - 3*h, -v + z*h = h - 9. Suppose -10 = -2*d - v*d. What is the units digit of d?
2
Suppose -5*k + 44 = -1161. What is the hundreds digit of k?
2
Let k(x) = -x**2 + 8*x - 4. Let r be k(7). Let s(f) = 0*f**3 + 4*f**3 - 8 + 3*f + 8*f**2 - 3*f**r + 4*f. What is the tens digit of s(-6)?
2
Let q = 328 + -128. What is the tens digit of q?
0
Suppose -13 = x - 132. Suppose 5*t - x = -2*t. What is the tens digit of t?
1
Let r(y) = 10*y - 15*y + y**2 - y**3 - 2 + 5*y**2. Let u be r(4). What is the units digit of u/(-25) + 12/5?
2
Suppose -384326 = -123*d + 64*d. What is the units digit of d?
4
Let x(d) = d**3 - 3*d**2 - d + 3. Let s be x(3). Suppose 5*u + 315 + 465 = s. Let n = -104 - u. What is the units digit of n?
2
Let o(y) = -6*y + 2*y**2 - y + 0*y. Let g be o(6). What is the units digit of ((-12)/(-3))/(6/g)?
0
Let z(x) = 414*x + 100. What is the thousands digit of z(7)?
2
What is the tens digit of 59*((-70)/(-40))/(1/4)?
1
Let y(w) = 77*w**2 + 40*w + 114. What is the units digit of y(-9)?
1
Suppose 35*g + 1399 = 145774. What is the hundreds digit of g?
1
Let q(r) = -13*r - 19. Let w be ((-1)/2)/((-2)/(-32)). Let x be q(w). Let t = x - 38. What is the tens digit of t?
4
Suppose 62*a - 10 = 57*a. Suppose 4*h + a*m - 284 = 0, 4*m - 11 - 5 = 0. What is the tens digit of h?
6
What is the tens digit of (-30)/(-5) + 3 - -662?
7
Let k = -87 + 87. Suppose k = 2*f - 208 + 52. What is the tens digit of f?
7
Let x be 0*((-12)/(-8) - 1). Suppose 11*a - 10*a - 57 = x. What is the tens digit of a?
5
Let m(q) = 1 + 0*q**2 - 351*q + 357*q + 9 + 2*q**2. What is the hundreds digit of m(-9)?
1
Suppose -2*j + 352 = 4*d, -5*j - 5*d + 812 = -48. Suppose -42 - j = -7*b. What is the units digit of b?
0
Let c = -642 - -1030. What is the tens digit of c?
8
Suppose 3*f + 3*s = 9, -5*f - 2*s - s = -19